ivided by 105327?
8
Calculate the remainder when 943065 is divided by 6993.
6003
What is the remainder when 259503 is divided by 32437?
7
What is the remainder when 115781587 is divided by 77?
75
What is the remainder when 5868446 is divided by 2?
0
Calculate the remainder when 724668 is divided by 37.
23
Calculate the remainder when 336115722 is divided by 1142.
1140
What is the remainder when 289775 is divided by 10326?
647
Calculate the remainder when 93712164 is divided by 20.
4
Calculate the remainder when 25035341 is divided by 8345099.
44
Calculate the remainder when 1620467 is divided by 3804.
3767
Calculate the remainder when 3412191 is divided by 110070.
21
What is the remainder when 84486 is divided by 12?
6
What is the remainder when 2006461 is divided by 9122?
8743
Calculate the remainder when 571326 is divided by 5241.
57
What is the remainder when 320707847 is divided by 3389?
3388
Calculate the remainder when 380420 is divided by 1394.
1252
What is the remainder when 195898 is divided by 959?
262
Calculate the remainder when 9275007 is divided by 27.
21
Calculate the remainder when 143538 is divided by 35882.
10
Calculate the remainder when 2386864 is divided by 7277.
8
Calculate the remainder when 22057163 is divided by 1263.
131
Calculate the remainder when 1843904 is divided by 2355.
2294
Calculate the remainder when 14024525 is divided by 834.
815
Calculate the remainder when 28347 is divided by 2190.
2067
What is the remainder when 302111 is divided by 100584?
359
What is the remainder when 2568819 is divided by 1189?
579
Calculate the remainder when 558555 is divided by 5075.
305
Calculate the remainder when 24672 is divided by 7931.
879
Calculate the remainder when 250466 is divided by 345.
341
Calculate the remainder when 36064033 is divided by 457.
335
What is the remainder when 1816353 is divided by 90?
63
Calculate the remainder when 18474518 is divided by 70.
48
Calculate the remainder when 150592688 is divided by 243.
242
What is the remainder when 10109614 is divided by 1353?
1351
What is the remainder when 684495 is divided by 588?
63
Calculate the remainder when 2941759 is divided by 35.
9
What is the remainder when 3160047 is divided by 88?
55
What is the remainder when 291201 is divided by 2747?
19
What is the remainder when 63085 is divided by 8734?
1947
What is the remainder when 1487722 is divided by 632?
626
Calculate the remainder when 3402245 is divided by 276.
269
What is the remainder when 653483126 is divided by 1429?
1426
What is the remainder when 6523412 is divided by 52?
12
What is the remainder when 518622 is divided by 8206?
1644
What is the remainder when 1008070 is divided by 1525?
45
Calculate the remainder when 15909 is divided by 5204.
297
Calculate the remainder when 117400 is divided by 2302.
2300
Calculate the remainder when 141834 is divided by 39.
30
What is the remainder when 110758 is divided by 55378?
2
What is the remainder when 898301 is divided by 93?
14
Calculate the remainder when 22789 is divided by 4545.
64
What is the remainder when 40788 is divided by 2913?
6
What is the remainder when 1635235 is divided by 81761?
15
Calculate the remainder when 606631 is divided by 446.
71
Calculate the remainder when 87240 is divided by 5121.
183
What is the remainder when 1331154 is divided by 394?
222
What is the remainder when 13575738 is divided by 2352?
2346
Calculate the remainder when 1235239354 is divided by 5881.
5876
Calculate the remainder when 110688 is divided by 1505.
823
Calculate the remainder when 3454221 is divided by 383801.
12
What is the remainder when 151609 is divided by 837?
112
Calculate the remainder when 75999 is divided by 75032.
967
Calculate the remainder when 8645714 is divided by 109.
52
What is the remainder when 5265605 is divided by 142?
103
What is the remainder when 2426026 is divided by 26?
18
What is the remainder when 1913872 is divided by 282?
220
Calculate the remainder when 1726484 is divided by 431547.
296
Calculate the remainder when 1669101 is divided by 653.
33
Calculate the remainder when 114340987 is divided by 707.
705
Calculate the remainder when 108129942 is divided by 3046.
3034
Calculate the remainder when 5489622 is divided by 1660.
2
Calculate the remainder when 595714 is divided by 1606.
1494
What is the remainder when 18932 is divided by 227?
91
Calculate the remainder when 39960 is divided by 890.
800
What is the remainder when 410331 is divided by 51173?
947
Calculate the remainder when 1171405 is divided by 1171324.
81
What is the remainder when 12415996 is divided by 2000?
1996
What is the remainder when 13150772 is divided by 55?
52
What is the remainder when 6388830 is divided by 116?
14
What is the remainder when 3916 is divided by 95?
21
Calculate the remainder when 52968184 is divided by 17656061.
1
Calculate the remainder when 1399759 is divided by 2676.
211
Calculate the remainder when 18465675 is divided by 3077612.
3
What is the remainder when 14596155 is divided by 3817?
3764
Calculate the remainder when 11536847 is divided by 48.
47
What is the remainder when 1718491 is divided by 45?
31
What is the remainder when 1116057 is divided by 170?
7
What is the remainder when 317304823 is divided by 43?
40
What is the remainder when 7804483 is divided by 4447?
4445
Calculate the remainder when 154906 is divided by 107.
77
What is the remainder when 37152 is divided by 2003?
1098
What is the remainder when 7329219 is divided by 7329211?
8
What is the remainder when 2836627 is divided by 340?
7
What is the remainder when 129830 is divided by 138?
110
Calculate the remainder when 3412165 is divided by 402.
391
What is the remainder when 1966850 is divided by 283?
0
What is the remainder when 60153 is divided by 1545?
1443
Calculate the remainder when 9410984 is divided by 2083.
2073
What is the remainder when 1066284 is divided by 96?
12
Calculate the remainder when 22233986 is divided by 9957.
5
Calculate the remainder when 3031775 is divided by 928.
927
What is the remainder when 52574 is divided by 2867?
968
Calculate the remainder when 6990091 is divided by 344.
11
What is the remainder when 2579706 is divided by 61?
16
Calculate the remainder when 298995 is divided by 149487.
21
Calculate the remainder when 215160 is divided by 117.
114
Calculate the remainder when 18541905 is divided by 257526.
33
Calculate the remainder when 342395159 is divided by 38.
35
What is the remainder when 363719 is divided by 72743?
4
What is the remainder when 235014235 is divided by 2143?
2140
What is the remainder when 4336284 is divided by 677?
99
Calculate the remainder when 22720 is divided by 11355.
10
What is the remainder when 794326 is divided by 6789?
13
What is the remainder when 100718888 is divided by 86011?
7
Calculate the remainder when 3703 is divided by 892.
135
What is the remainder when 348542 is divided by 2385?
332
Calculate the remainder when 659049 is divided by 3009.
78
Calculate the remainder when 39260919 is divided by 39260904.
15
What is the remainder when 356976 is divided by 13?
9
Calculate the remainder when 24664036 is divided by 906.
904
What is the remainder when 2289617 is divided by 2454?
35
Calculate the remainder when 16240111 is divided by 1082669.
76
What is the remainder when 387750 is divided by 148?
138
Calculate the remainder when 108415 is divided by 15110.
2645
What is the remainder when 2022105 is divided by 50?
5
What is the remainder when 5773189 is divided by 7845?
7114
Calculate the remainder when 462374 is divided by 230618.
1138
What is the remainder when 416088 is divided by 3242?
1112
Calculate the remainder when 11387443 is divided by 15.
13
What is the remainder when 325414 is divided by 325192?
222
Calculate the remainder when 378678 is divided by 224.
118
Calculate the remainder when 51554 is divided by 1110.
494
What is the remainder when 36672751 is divided by 5230?
5221
What is the remainder when 2061597 is divided by 687014?
555
What is the remainder when 75185 is divided by 37588?
9
What is the remainder when 9612679 is divided by 153?
148
What is the remainder when 178602 is divided by 1096?
1050
What is the remainder when 550875 is divided by 7651?
3
Calculate the remainde